{"id":198,"date":"2016-05-14T18:56:41","date_gmt":"2016-05-14T16:56:41","guid":{"rendered":"http:\/\/www.benekos.de\/?page_id=198"},"modified":"2016-05-19T17:55:20","modified_gmt":"2016-05-19T15:55:20","slug":"benekos","status":"publish","type":"page","link":"https:\/\/www.benekos.de\/?page_id=198","title":{"rendered":"BENEKOS"},"content":{"rendered":"<p style=\"text-align: justify;\">\u039f <strong>\u0394\u03b7\u03bc\u03ae\u03c4\u03c1\u03b9\u03bf\u03c2 \u039c\u03c0\u03b5\u03bd\u03ad\u03ba\u03bf\u03c2<\/strong> \u03c3\u03c0\u03bf\u03cd\u03b4\u03b1\u03c3\u03b5 \u03c6\u03b9\u03bb\u03bf\u03bb\u03bf\u03b3\u03af\u03b1 \u03c3\u03c4\u03b7 \u03a6\u03b9\u03bb\u03bf\u03c3\u03bf\u03c6\u03b9\u03ba\u03ae \u03a3\u03c7\u03bf\u03bb\u03ae \u03c4\u03bf\u03c5 \u03a0\u03b1\u03bd\u03b5\u03c0\u03b9\u03c3\u03c4\u03b7\u03bc\u03af\u03bf\u03c5 \u0399\u03c9\u03b1\u03bd\u03bd\u03af\u03bd\u03c9\u03bd, \u03b1\u03c0\u03cc \u03c4\u03b7\u03bd \u03bf\u03c0\u03bf\u03af\u03b1 \u03c0\u03ae\u03c1\u03b5 \u03ba\u03b1\u03c4\u03cc\u03c0\u03b9\u03bd \u03ba\u03b1\u03b9 \u03c4\u03bf \u03b4\u03b9\u03b4\u03b1\u03ba\u03c4\u03bf\u03c1\u03b9\u03ba\u03cc \u03b4\u03af\u03c0\u03bb\u03c9\u03bc\u03ac \u03c4\u03bf\u03c5. \u0391\u03c0\u03cc \u03c4\u03bf 1972 \u03bc\u03ad\u03c7\u03c1\u03b9 \u03c4\u03bf 1975 \u03c6\u03bf\u03af\u03c4\u03b7\u03c3\u03b5 \u03c3\u03c4\u03b1 \u03a0\u03b1\u03bd\u03b5\u03c0\u03b9\u03c3\u03c4\u03ae\u03bc\u03b9\u03b1 \u03c4\u03b7\u03c2 \u0392\u03cc\u03bd\u03bd\u03b7\u03c2 \u03ba\u03b1\u03b9 \u03c4\u03b7\u03c2 \u039d\u03c5\u03c1\u03b5\u03bc\u03b2\u03ad\u03c1\u03b3\u03b7\u03c2-\u0388\u03c1\u03bb\u03b1\u03b3\u03ba\u03b5\u03bd \/ \u0393\u03b5\u03c1\u03bc\u03b1\u03bd\u03af\u03b1 \u03ba\u03b1\u03b9 \u03b4\u03af\u03b4\u03b1\u03be\u03b5 \u03c0\u03b1\u03b9\u03b4\u03b9\u03ac \u03b5\u03bb\u03bb\u03ae\u03bd\u03c9\u03bd \u03bc\u03b5\u03c4\u03b1\u03bd\u03b1\u03c3\u03c4\u03ce\u03bd \u03c3\u03b5 \u03b4\u03b7\u03bc\u03cc\u03c3\u03b9\u03b1 \u03b3\u03b5\u03c1\u03bc\u03b1\u03bd\u03b9\u03ba\u03ac \u03c3\u03c7\u03bf\u03bb\u03b5\u03af\u03b1 \u03c3\u03b5 \u039d\u03c5\u03c1\u03b5\u03bc\u03b2\u03ad\u03c1\u03b3\u03b7 \u03ba\u03b1\u03b9 \u03a7\u03ad\u03c1\u03c4\u03b5\u03bd. \u0391\u03c0\u03cc \u03c4\u03bf 1983 \u03bc\u03ad\u03c7\u03c1\u03b9 \u03c4\u03bf 2003 \u03ae\u03c4\u03b1\u03bd \u03b1\u03c0\u03bf\u03c3\u03c0\u03b1\u03c3\u03bc\u03ad\u03bd\u03bf\u03c2 \u03c3\u03c4\u03bf \u03a0\u03b1\u03b9\u03b4\u03b1\u03b3\u03c9\u03b3\u03b9\u03ba\u03cc \u0399\u03bd\u03c3\u03c4\u03b9\u03c4\u03bf\u03cd\u03c4\u03bf \u03c4\u03b7\u03c2 \u0392\u03cc\u03c1\u03b5\u03b9\u03b1\u03c2 \u03a1\u03b7\u03bd\u03b1\u03bd\u03af\u03b1\u03c2-\u0392\u03b5\u03c3\u03c4\u03c6\u03b1\u03bb\u03af\u03b1\u03c2 \u03c9\u03c2 \u03b5\u03b9\u03b4\u03b9\u03ba\u03cc\u03c2 \u03c3\u03cd\u03bc\u03b2\u03bf\u03c5\u03bb\u03bf\u03c2 \u03b3\u03b9\u03b1 \u03b8\u03ad\u03bc\u03b1\u03c4\u03b1 \u0395\u03bb\u03bb\u03b7\u03bd\u03b9\u03c3\u03bc\u03bf\u03cd. \u0391\u03c0\u03cc \u03c4\u03bf 2004 \u03bc\u03ad\u03c7\u03c1\u03b9 \u03c4\u03bf 2014 \u03b4\u03af\u03b4\u03b1\u03be\u03b5 \u03c9\u03c2 \u039b\u03b1\u03bf\u03b3\u03c1\u03ac\u03c6\u03bf\u03c2 \u03c3\u03c4\u03bf \u03a0\u03b1\u03bd\u03b5\u03c0\u03b9\u03c3\u03c4\u03ae\u03bc\u03b9\u03bf \u0398\u03b5\u03c3\u03c3\u03b1\u03bb\u03af\u03b1\u03c2. \u03a4\u03bf 2007 \u03ae\u03c4\u03b1\u03bd \u03c0\u03c1\u03cc\u03b5\u03b4\u03c1\u03bf\u03c2 \u03c4\u03bf\u03c5 \u03c4\u03bc\u03ae\u03bc\u03b1\u03c4\u03bf\u03c2 \u03a0\u03c1\u03c9\u03c4\u03bf\u03b2\u03ac\u03b8\u03bc\u03b9\u03b1\u03c2 \u0395\u03ba\u03c0\u03b1\u03af\u03b4\u03b5\u03c5\u03c3\u03b7\u03c2 \u03c4\u03bf\u03c5 \u03a0\u03b1\u03b9\u03b4\u03b1\u03b3\u03c9\u03b3\u03b9\u03ba\u03bf\u03cd \u0399\u03bd\u03c3\u03c4\u03b9\u03c4\u03bf\u03cd\u03c4\u03bf\u03c5 \u03c4\u03b7\u03c2 \u0391\u03b8\u03ae\u03bd\u03b1\u03c2. \u0388\u03c7\u03b5\u03b9 \u03b4\u03b7\u03bc\u03bf\u03c3\u03b9\u03b5\u03cd\u03c3\u03b5\u03b9 \u03c3\u03c5\u03b3\u03b3\u03c1\u03ac\u03bc\u03bc\u03b1\u03c4\u03b1 \u03ba\u03b1\u03b9 \u03ac\u03c1\u03b8\u03c1\u03b1 \u03b3\u03b9\u03b1 \u03c4\u03bf\u03bd \u03b5\u03bb\u03bb\u03b7\u03bd\u03b9\u03ba\u03cc \u039b\u03b1\u03ca\u03ba\u03cc \u03c0\u03bf\u03bb\u03b9\u03c4\u03b9\u03c3\u03bc\u03cc \u03ba\u03b1\u03b9 \u03c4\u03b7\u03bd \u0395\u03ba\u03c0\u03b1\u03af\u03b4\u03b5\u03c5\u03c3\u03b7, \u03c4\u03b7 \u039b\u03b1\u03bf\u03b3\u03c1\u03b1\u03c6\u03af\u03b1, \u03c4\u03b7 \u03bc\u03b5\u03c4\u03b1\u03bd\u03b1\u03c3\u03c4\u03b5\u03c5\u03c4\u03b9\u03ba\u03ae \u039b\u03bf\u03b3\u03bf\u03c4\u03b5\u03c7\u03bd\u03af\u03b1, \u03c4\u03b7\u03bd \u0395\u03bb\u03bb\u03b7\u03bd\u03b9\u03ba\u03ae \u039f\u03bc\u03bf\u03b3\u03ad\u03bd\u03b5\u03b9\u03b1 \u03c4\u03b7\u03c2 \u0393\u03b5\u03c1\u03bc\u03b1\u03bd\u03af\u03b1\u03c2 \u03ba\u03b1\u03b9 \u03ad\u03bb\u03b1\u03b2\u03b5 \u03bc\u03ad\u03c1\u03bf\u03c2 \u03c3\u03c4\u03b7 \u03c3\u03c5\u03b3\u03b3\u03c1\u03b1\u03c6\u03ae \u03b4\u03b9\u03b4\u03b1\u03ba\u03c4\u03b9\u03ba\u03ce\u03bd \u03b5\u03b3\u03c7\u03b5\u03b9\u03c1\u03b9\u03b4\u03af\u03c9\u03bd \u03c3\u03c4\u03b7 \u0393\u03b5\u03c1\u03bc\u03b1\u03bd\u03af\u03b1 \u03ba\u03b1\u03b9 \u03c3\u03c4\u03b7\u03bd \u0395\u03bb\u03bb\u03ac\u03b4\u03b1.<\/p>\n<p style=\"text-align: justify;\"><strong>Dimitrios Benekos<\/strong> hat Philologie an der Philosophischen Fakult\u00e4t der Universit\u00e4t Ioannina\/Griechenland studiert und sp\u00e4ter an der gleichen Fakult\u00e4t promoviert. Von 1972 bis 1975 Studium an den Universit\u00e4ten Bonn und N\u00fcrnberg-Erlangen. Dann Unterrichtung griechischer Migrantenkinder an \u00f6ffentlichen Schulen in N\u00fcrnberg und Herten. Von 1983 bis 2003 Fachberatert\u00e4tigkeit f\u00fcr Bildungsfragen der griechischen Kinder mit Migrationshintergrund am Landesinstitut f\u00fcr Schule Nordrhein-Westfalen. Von 2004 bis 2014 unterrichtete er Volkskunde an der Universit\u00e4t Thessalien\/Griechenland. Im Jahre 2007 war er Vorsitzender der Abteilung f\u00fcr die Primarerziehung des P\u00e4dagogischen Instituts in Athen. Er hat B\u00fccher und Artikel \u00fcber die griechische Volkskultur und Erziehung, die Volkskunde, die Migrationsliteratur, die griechische Volksgruppe in Deutschland ver\u00f6ffentlicht und auch als Mitautor f\u00fcr das Erstellen von Lehrb\u00fcchern in Deutschland und Griechenland gewirkt.<\/p>\n","protected":false},"excerpt":{"rendered":"<p>\u039f \u0394\u03b7\u03bc\u03ae\u03c4\u03c1\u03b9\u03bf\u03c2 \u039c\u03c0\u03b5\u03bd\u03ad\u03ba\u03bf\u03c2 \u03c3\u03c0\u03bf\u03cd\u03b4\u03b1\u03c3\u03b5 \u03c6\u03b9\u03bb\u03bf\u03bb\u03bf\u03b3\u03af\u03b1 \u03c3\u03c4\u03b7 \u03a6\u03b9\u03bb\u03bf\u03c3\u03bf\u03c6\u03b9\u03ba\u03ae \u03a3\u03c7\u03bf\u03bb\u03ae \u03c4\u03bf\u03c5 \u03a0\u03b1\u03bd\u03b5\u03c0\u03b9\u03c3\u03c4\u03b7\u03bc\u03af\u03bf\u03c5 \u0399\u03c9\u03b1\u03bd\u03bd\u03af\u03bd\u03c9\u03bd, \u03b1\u03c0\u03cc \u03c4\u03b7\u03bd \u03bf\u03c0\u03bf\u03af\u03b1 \u03c0\u03ae\u03c1\u03b5 \u03ba\u03b1\u03c4\u03cc\u03c0\u03b9\u03bd \u03ba\u03b1\u03b9 \u03c4\u03bf \u03b4\u03b9\u03b4\u03b1\u03ba\u03c4\u03bf\u03c1\u03b9\u03ba\u03cc \u03b4\u03af\u03c0\u03bb\u03c9\u03bc\u03ac \u03c4\u03bf\u03c5. \u0391\u03c0\u03cc \u03c4\u03bf 1972 \u03bc\u03ad\u03c7\u03c1\u03b9 \u03c4\u03bf 1975 \u03c6\u03bf\u03af\u03c4\u03b7\u03c3\u03b5 \u03c3\u03c4\u03b1 \u03a0\u03b1\u03bd\u03b5\u03c0\u03b9\u03c3\u03c4\u03ae\u03bc\u03b9\u03b1 \u03c4\u03b7\u03c2 \u0392\u03cc\u03bd\u03bd\u03b7\u03c2 \u03ba\u03b1\u03b9 \u03c4\u03b7\u03c2 \u039d\u03c5\u03c1\u03b5\u03bc\u03b2\u03ad\u03c1\u03b3\u03b7\u03c2-\u0388\u03c1\u03bb\u03b1\u03b3\u03ba\u03b5\u03bd \/ \u0393\u03b5\u03c1\u03bc\u03b1\u03bd\u03af\u03b1 \u03ba\u03b1\u03b9 \u03b4\u03af\u03b4\u03b1\u03be\u03b5 \u03c0\u03b1\u03b9\u03b4\u03b9\u03ac \u03b5\u03bb\u03bb\u03ae\u03bd\u03c9\u03bd \u03bc\u03b5\u03c4\u03b1\u03bd\u03b1\u03c3\u03c4\u03ce\u03bd \u03c3\u03b5 \u03b4\u03b7\u03bc\u03cc\u03c3\u03b9\u03b1 \u03b3\u03b5\u03c1\u03bc\u03b1\u03bd\u03b9\u03ba\u03ac \u03c3\u03c7\u03bf\u03bb\u03b5\u03af\u03b1 \u03c3\u03b5 \u039d\u03c5\u03c1\u03b5\u03bc\u03b2\u03ad\u03c1\u03b3\u03b7 \u03ba\u03b1\u03b9 \u03a7\u03ad\u03c1\u03c4\u03b5\u03bd. \u0391\u03c0\u03cc \u03c4\u03bf 1983 \u03bc\u03ad\u03c7\u03c1\u03b9 \u03c4\u03bf [&hellip;]<\/p>\n","protected":false},"author":2,"featured_media":0,"parent":0,"menu_order":0,"comment_status":"closed","ping_status":"closed","template":"","meta":{"footnotes":""},"class_list":["post-198","page","type-page","status-publish","hentry"],"_links":{"self":[{"href":"https:\/\/www.benekos.de\/index.php?rest_route=\/wp\/v2\/pages\/198","targetHints":{"allow":["GET"]}}],"collection":[{"href":"https:\/\/www.benekos.de\/index.php?rest_route=\/wp\/v2\/pages"}],"about":[{"href":"https:\/\/www.benekos.de\/index.php?rest_route=\/wp\/v2\/types\/page"}],"author":[{"embeddable":true,"href":"https:\/\/www.benekos.de\/index.php?rest_route=\/wp\/v2\/users\/2"}],"replies":[{"embeddable":true,"href":"https:\/\/www.benekos.de\/index.php?rest_route=%2Fwp%2Fv2%2Fcomments&post=198"}],"version-history":[{"count":5,"href":"https:\/\/www.benekos.de\/index.php?rest_route=\/wp\/v2\/pages\/198\/revisions"}],"predecessor-version":[{"id":216,"href":"https:\/\/www.benekos.de\/index.php?rest_route=\/wp\/v2\/pages\/198\/revisions\/216"}],"wp:attachment":[{"href":"https:\/\/www.benekos.de\/index.php?rest_route=%2Fwp%2Fv2%2Fmedia&parent=198"}],"curies":[{"name":"wp","href":"https:\/\/api.w.org\/{rel}","templated":true}]}}